{"id":8,"date":"2023-02-15T17:49:52","date_gmt":"2023-02-15T20:49:52","guid":{"rendered":"https:\/\/pluginsds.com\/sites\/?page_id=8"},"modified":"2023-02-25T11:14:51","modified_gmt":"2023-02-25T14:14:51","slug":"sobre-nos","status":"publish","type":"page","link":"https:\/\/jlcagencia.com\/sitedeimobiliaria\/sobre-nos\/","title":{"rendered":"Sobre N\u00f3s"},"content":{"rendered":"\t\t<div data-elementor-type=\"wp-page\" data-elementor-id=\"8\" class=\"elementor elementor-8\" data-elementor-post-type=\"page\">\n\t\t\t\t<div class=\"elementor-element elementor-element-a204269 e-flex e-con-boxed e-con e-parent\" data-id=\"a204269\" data-element_type=\"container\" data-settings=\"{&quot;background_background&quot;:&quot;classic&quot;}\">\n\t\t\t\t\t<div class=\"e-con-inner\">\n\t\t\t\t<div class=\"elementor-element elementor-element-a571e3a elementor-widget elementor-widget-heading\" data-id=\"a571e3a\" data-element_type=\"widget\" data-widget_type=\"heading.default\">\n\t\t\t\t<div class=\"elementor-widget-container\">\n\t\t\t<h2 class=\"elementor-heading-title elementor-size-default\">Sobre N\u00f3s<\/h2>\t\t<\/div>\n\t\t\t\t<\/div>\n\t\t\t\t\t<\/div>\n\t\t\t\t<\/div>\n\t\t<div class=\"elementor-element elementor-element-175a1e4 e-flex e-con-boxed e-con e-parent\" data-id=\"175a1e4\" data-element_type=\"container\">\n\t\t\t\t\t<div class=\"e-con-inner\">\n\t\t<div class=\"elementor-element elementor-element-26d3812 e-con-full e-flex e-con e-parent\" data-id=\"26d3812\" data-element_type=\"container\">\n\t\t\t\t<div class=\"elementor-element elementor-element-ff70f94 elementor-widget elementor-widget-heading\" data-id=\"ff70f94\" data-element_type=\"widget\" data-widget_type=\"heading.default\">\n\t\t\t\t<div class=\"elementor-widget-container\">\n\t\t\t<h2 class=\"elementor-heading-title elementor-size-default\">Seja bem vindo a Inovare\nNeg\u00f3cios Imobili\u00e1rios<\/h2>\t\t<\/div>\n\t\t\t\t<\/div>\n\t\t\t\t<div class=\"elementor-element elementor-element-ce2fa44 elementor-widget elementor-widget-heading\" data-id=\"ce2fa44\" data-element_type=\"widget\" data-widget_type=\"heading.default\">\n\t\t\t\t<div class=\"elementor-widget-container\">\n\t\t\t<h2 class=\"elementor-heading-title elementor-size-default\">Quem Somos<\/h2>\t\t<\/div>\n\t\t\t\t<\/div>\n\t\t\t\t<div class=\"elementor-element elementor-element-e546dee elementor-widget elementor-widget-text-editor\" data-id=\"e546dee\" data-element_type=\"widget\" data-widget_type=\"text-editor.default\">\n\t\t\t\t<div class=\"elementor-widget-container\">\n\t\t\t\t\t\t\t<p>Somos uma empresa especializada em ajudar nossos clientes a encontrar a casa ou apartamento perfeito para suas necessidades. Temos uma equipe de agentes imobili\u00e1rios altamente qualificados e experientes que est\u00e3o prontos para ajudar em todos os aspectos da compra, venda ou aluguel de im\u00f3veis.<\/p>\t\t\t\t\t\t<\/div>\n\t\t\t\t<\/div>\n\t\t\t\t<div class=\"elementor-element elementor-element-ce30998 elementor-widget elementor-widget-heading\" data-id=\"ce30998\" data-element_type=\"widget\" data-widget_type=\"heading.default\">\n\t\t\t\t<div class=\"elementor-widget-container\">\n\t\t\t<h2 class=\"elementor-heading-title elementor-size-default\">O que Fazemos<\/h2>\t\t<\/div>\n\t\t\t\t<\/div>\n\t\t\t\t<div class=\"elementor-element elementor-element-bfdf9db elementor-widget elementor-widget-text-editor\" data-id=\"bfdf9db\" data-element_type=\"widget\" data-widget_type=\"text-editor.default\">\n\t\t\t\t<div class=\"elementor-widget-container\">\n\t\t\t\t\t\t\t<p>Nosso objetivo \u00e9 fornecer um servi\u00e7o personalizado e profissional para todos os nossos clientes. Estamos comprometidos em ouvir as suas necessidades e desejos, e trabalhar em conjunto para encontrar o im\u00f3vel perfeito para voc\u00ea. Quer voc\u00ea esteja procurando sua primeira casa, procurando uma casa maior para acomodar sua fam\u00edlia em crescimento, ou procurando um investimento imobili\u00e1rio, estamos aqui para ajudar.<\/p>\t\t\t\t\t\t<\/div>\n\t\t\t\t<\/div>\n\t\t\t\t<div class=\"elementor-element elementor-element-c400be6 elementor-widget elementor-widget-button\" data-id=\"c400be6\" data-element_type=\"widget\" data-widget_type=\"button.default\">\n\t\t\t\t<div class=\"elementor-widget-container\">\n\t\t\t\t\t<div class=\"elementor-button-wrapper\">\n\t\t\t<a class=\"elementor-button elementor-button-link elementor-size-lg\" href=\"#\">\n\t\t\t\t\t\t<span class=\"elementor-button-content-wrapper\">\n\t\t\t\t\t\t\t\t\t<span class=\"elementor-button-text\">Fale pelo Whatsapp<\/span>\n\t\t\t\t\t<\/span>\n\t\t\t\t\t<\/a>\n\t\t<\/div>\n\t\t\t\t<\/div>\n\t\t\t\t<\/div>\n\t\t\t\t<\/div>\n\t\t<div class=\"elementor-element elementor-element-74f4108 e-con-full e-flex e-con e-parent\" data-id=\"74f4108\" data-element_type=\"container\">\n\t\t\t\t<div class=\"elementor-element elementor-element-fe48e57 elementor-widget elementor-widget-image\" data-id=\"fe48e57\" data-element_type=\"widget\" data-widget_type=\"image.default\">\n\t\t\t\t<div class=\"elementor-widget-container\">\n\t\t\t\t\t\t\t\t\t\t\t\t\t<img fetchpriority=\"high\" decoding=\"async\" width=\"1000\" height=\"1000\" src=\"https:\/\/jlcagencia.com\/sitedeimobiliaria\/wp-content\/uploads\/2023\/02\/sobre-1.png\" class=\"attachment-full size-full wp-image-621\" alt=\"\" srcset=\"https:\/\/jlcagencia.com\/sitedeimobiliaria\/wp-content\/uploads\/2023\/02\/sobre-1.png 1000w, https:\/\/jlcagencia.com\/sitedeimobiliaria\/wp-content\/uploads\/2023\/02\/sobre-1-300x300.png 300w, https:\/\/jlcagencia.com\/sitedeimobiliaria\/wp-content\/uploads\/2023\/02\/sobre-1-150x150.png 150w, https:\/\/jlcagencia.com\/sitedeimobiliaria\/wp-content\/uploads\/2023\/02\/sobre-1-768x768.png 768w\" sizes=\"(max-width: 1000px) 100vw, 1000px\" \/>\t\t\t\t\t\t\t\t\t\t\t\t\t<\/div>\n\t\t\t\t<\/div>\n\t\t\t\t<\/div>\n\t\t\t\t\t<\/div>\n\t\t\t\t<\/div>\n\t\t<div class=\"elementor-element elementor-element-e860f5e e-flex e-con-boxed e-con e-parent\" data-id=\"e860f5e\" data-element_type=\"container\">\n\t\t\t\t\t<div class=\"e-con-inner\">\n\t\t\t\t<div class=\"elementor-element elementor-element-f170e55 elementor-widget elementor-widget-heading\" data-id=\"f170e55\" data-element_type=\"widget\" data-widget_type=\"heading.default\">\n\t\t\t\t<div class=\"elementor-widget-container\">\n\t\t\t<h2 class=\"elementor-heading-title elementor-size-default\">Nossos Diferenciais\n<\/h2>\t\t<\/div>\n\t\t\t\t<\/div>\n\t\t<div class=\"elementor-element elementor-element-e3b6d6a e-flex e-con-boxed e-con e-parent\" data-id=\"e3b6d6a\" data-element_type=\"container\">\n\t\t\t\t\t<div class=\"e-con-inner\">\n\t\t\t\t<div class=\"elementor-element elementor-element-af534b6 elementor-widget__width-initial elementor-widget-mobile__width-inherit elementor-position-top elementor-widget elementor-widget-image-box\" data-id=\"af534b6\" data-element_type=\"widget\" data-widget_type=\"image-box.default\">\n\t\t\t\t<div class=\"elementor-widget-container\">\n\t\t\t<div class=\"elementor-image-box-wrapper\"><figure class=\"elementor-image-box-img\"><img decoding=\"async\" width=\"545\" height=\"524\" src=\"https:\/\/jlcagencia.com\/sitedeimobiliaria\/wp-content\/uploads\/2023\/02\/icon-c-home-branco-1.svg\" class=\"attachment-full size-full wp-image-625\" alt=\"\" \/><\/figure><div class=\"elementor-image-box-content\"><h3 class=\"elementor-image-box-title\">Maior Carteira<\/h3><p class=\"elementor-image-box-description\">A maior vitrine de im\u00f3veis de Uberl\u00e2ndia com mais de 5.000 im\u00f3veis ativos para vendas ou aluguel\n\n<\/p><\/div><\/div>\t\t<\/div>\n\t\t\t\t<\/div>\n\t\t\t\t<div class=\"elementor-element elementor-element-bbdb266 elementor-widget__width-initial elementor-widget-mobile__width-inherit elementor-position-top elementor-widget elementor-widget-image-box\" data-id=\"bbdb266\" data-element_type=\"widget\" data-widget_type=\"image-box.default\">\n\t\t\t\t<div class=\"elementor-widget-container\">\n\t\t\t<div class=\"elementor-image-box-wrapper\"><figure class=\"elementor-image-box-img\"><img decoding=\"async\" width=\"512\" height=\"512\" src=\"https:\/\/jlcagencia.com\/sitedeimobiliaria\/wp-content\/uploads\/2023\/02\/premio.svg\" class=\"attachment-full size-full wp-image-626\" alt=\"\" \/><\/figure><div class=\"elementor-image-box-content\"><h3 class=\"elementor-image-box-title\">Tradi\u00e7\u00e3o<\/h3><p class=\"elementor-image-box-description\">35 anos de mercado, mais de 100 mil contratos administrados e o menor \u00edndice de inadimpl\u00eancia do segmento\n\n<\/p><\/div><\/div>\t\t<\/div>\n\t\t\t\t<\/div>\n\t\t\t\t<div class=\"elementor-element elementor-element-a344e76 elementor-widget__width-initial elementor-widget-mobile__width-inherit elementor-position-top elementor-widget elementor-widget-image-box\" data-id=\"a344e76\" data-element_type=\"widget\" data-widget_type=\"image-box.default\">\n\t\t\t\t<div class=\"elementor-widget-container\">\n\t\t\t<div class=\"elementor-image-box-wrapper\"><figure class=\"elementor-image-box-img\"><img loading=\"lazy\" decoding=\"async\" width=\"512\" height=\"512\" src=\"https:\/\/jlcagencia.com\/sitedeimobiliaria\/wp-content\/uploads\/2023\/02\/tendencia.svg\" class=\"attachment-full size-full wp-image-627\" alt=\"\" \/><\/figure><div class=\"elementor-image-box-content\"><h3 class=\"elementor-image-box-title\">Modernidade<\/h3><p class=\"elementor-image-box-description\">Sempre investindo em inova\u00e7\u00e3o, facilitando processos e melhorando a experi\u00eancia dos nossos clientes\n\n<\/p><\/div><\/div>\t\t<\/div>\n\t\t\t\t<\/div>\n\t\t\t\t\t<\/div>\n\t\t\t\t<\/div>\n\t\t\t\t<div class=\"elementor-element elementor-element-e44d4c0 elementor-widget elementor-widget-heading\" data-id=\"e44d4c0\" data-element_type=\"widget\" data-widget_type=\"heading.default\">\n\t\t\t\t<div class=\"elementor-widget-container\">\n\t\t\t<h2 class=\"elementor-heading-title elementor-size-default\">Venha Nos Visitar\n<\/h2>\t\t<\/div>\n\t\t\t\t<\/div>\n\t\t\t\t<div class=\"elementor-element elementor-element-8c7bd82 elementor-widget elementor-widget-google_maps\" data-id=\"8c7bd82\" data-element_type=\"widget\" data-widget_type=\"google_maps.default\">\n\t\t\t\t<div class=\"elementor-widget-container\">\n\t\t\t\t\t<div class=\"elementor-custom-embed\">\n\t\t\t<iframe loading=\"lazy\"\n\t\t\t\t\tsrc=\"https:\/\/maps.google.com\/maps?q=Centro%2C%20Uberl%C3%A2ndia&#038;t=m&#038;z=17&#038;output=embed&#038;iwloc=near\"\n\t\t\t\t\ttitle=\"Centro, Uberl\u00e2ndia\"\n\t\t\t\t\taria-label=\"Centro, Uberl\u00e2ndia\"\n\t\t\t><\/iframe>\n\t\t<\/div>\n\t\t\t\t<\/div>\n\t\t\t\t<\/div>\n\t\t\t\t\t<\/div>\n\t\t\t\t<\/div>\n\t\t\t\t<\/div>\n\t\t","protected":false},"excerpt":{"rendered":"<p>Sobre N\u00f3s Seja bem vindo a Inovare Neg\u00f3cios Imobili\u00e1rios Quem Somos Somos uma empresa especializada em ajudar nossos clientes a encontrar a casa ou apartamento perfeito para suas necessidades. Temos uma equipe de agentes imobili\u00e1rios altamente qualificados e experientes que est\u00e3o prontos para ajudar em todos os aspectos da compra, venda ou aluguel de im\u00f3veis. [&hellip;]<\/p>\n","protected":false},"author":2,"featured_media":0,"parent":0,"menu_order":0,"comment_status":"closed","ping_status":"closed","template":"elementor_header_footer","meta":{"footnotes":""},"_links":{"self":[{"href":"https:\/\/jlcagencia.com\/sitedeimobiliaria\/wp-json\/wp\/v2\/pages\/8"}],"collection":[{"href":"https:\/\/jlcagencia.com\/sitedeimobiliaria\/wp-json\/wp\/v2\/pages"}],"about":[{"href":"https:\/\/jlcagencia.com\/sitedeimobiliaria\/wp-json\/wp\/v2\/types\/page"}],"author":[{"embeddable":true,"href":"https:\/\/jlcagencia.com\/sitedeimobiliaria\/wp-json\/wp\/v2\/users\/2"}],"replies":[{"embeddable":true,"href":"https:\/\/jlcagencia.com\/sitedeimobiliaria\/wp-json\/wp\/v2\/comments?post=8"}],"version-history":[{"count":0,"href":"https:\/\/jlcagencia.com\/sitedeimobiliaria\/wp-json\/wp\/v2\/pages\/8\/revisions"}],"wp:attachment":[{"href":"https:\/\/jlcagencia.com\/sitedeimobiliaria\/wp-json\/wp\/v2\/media?parent=8"}],"curies":[{"name":"wp","href":"https:\/\/api.w.org\/{rel}","templated":true}]}}